{"id":937,"date":"2021-03-29T13:46:13","date_gmt":"2021-03-29T10:46:13","guid":{"rendered":"http:\/\/www.keminnahkatarvike.fi\/verkkokauppa\/?post_type=product&#038;p=937"},"modified":"2025-06-04T08:06:18","modified_gmt":"2025-06-04T05:06:18","slug":"nahkabalsami-500-ml","status":"publish","type":"product","link":"https:\/\/www.keminnahkatarvike.fi\/verkkokauppa\/tuote\/nahkabalsami-500-ml\/","title":{"rendered":"Nahkabalsami 500 ml"},"content":{"rendered":"","protected":false},"excerpt":{"rendered":"<p>Tuotteen kuvaus<\/p>\n<p>Mehil\u00e4isvahaa sis\u00e4lt\u00e4v\u00e4 nahkabalsami:<br \/>\n&#8211; Ravitsee<br \/>\n&#8211; Hoitaa<br \/>\n&#8211; Suojaa sek\u00e4 tekee vedenpit\u00e4v\u00e4ksi.<\/p>\n<p>Equifix nahkabalsami on korkealuokkainen nahanhoitotuote. Se sopii erityisen hyvin hauraalle, kuivalle ja kovia kokeneelle nahalle. Nahan kest\u00e4vyys ja ulkon\u00e4k\u00f6 paranee huomattavasti Equifix nahkabalsamin avulla. Huolellisesti valitut vaikutusaineet poistavat pienen lian ja antavat nahalle t\u00e4yden vedenpit\u00e4vyyden.<br \/>\nAito mehil\u00e4isvaha antaa nahan pinnalle pitk\u00e4aikaisen suojan ja tekee siit\u00e4 vastustuskykyisen ulkoisia haittatekij\u00f6it\u00e4 vastaan. My\u00f6s suutareiden suosikki!<\/p>\n<p>K\u00e4ytt\u00f6:<br \/>\nLevit\u00e4 pehme\u00e4ll\u00e4 liinalla tai sienell\u00e4. Anna vaikuttaa hetki ja pyyhi ylij\u00e4\u00e4m\u00e4t puhtaalla liinalla. Eritt\u00e4in likaista nahkaa hoidettaessa k\u00e4yt\u00e4 ensin Equifix satulsaippuaa<\/p>\n","protected":false},"featured_media":548,"template":"","meta":[],"product_brand":[],"product_cat":[17],"product_tag":[],"class_list":{"0":"post-937","1":"product","2":"type-product","3":"status-publish","4":"has-post-thumbnail","6":"product_cat-nahkanhoitoaineet","7":"product_shipping_class-pienet-paketit","9":"first","10":"instock","11":"taxable","12":"shipping-taxable","13":"purchasable","14":"product-type-simple"},"yoast_head":"<!-- This site is optimized with the Yoast SEO plugin v26.6 - https:\/\/yoast.com\/wordpress\/plugins\/seo\/ -->\n<title>Nahkabalsami 500 ml - Kemin Nahkatarvike<\/title>\n<meta name=\"description\" content=\"Mehil\u00e4isvahaa sis\u00e4lt\u00e4v\u00e4 nahkabalsami:- Ravitsee- Hoitaa- Suojaa sek\u00e4 tekee vedenpit\u00e4v\u00e4ksi.Equifix nahkabalsami on korkealuokkainen nahanhoitotuote. Se sopii erityisen hyvin hauraalle, kuivalle ja kovia kokeneelle nahalle. Nahan kest\u00e4vyys ja ulkon\u00e4k\u00f6 paranee huomattavasti Equifix nahkabalsamin avulla. Huolellisesti valitut vaikutusaineet poistavat pienen lian ja antavat nahalle t\u00e4yden vedenpit\u00e4vyyden.Aito mehil\u00e4isvaha antaa nahan pinnalle pitk\u00e4aikaisen suojan ja tekee siit\u00e4 vastustuskykyisen ulkoisia haittatekij\u00f6it\u00e4 vastaan. My\u00f6s suutareiden suosikki!K\u00e4ytt\u00f6:Levit\u00e4 pehme\u00e4ll\u00e4 liinalla tai sienell\u00e4. Anna vaikuttaa hetki ja pyyhi ylij\u00e4\u00e4m\u00e4t puhtaalla liinalla. Eritt\u00e4in likaista nahkaa hoidettaessa k\u00e4yt\u00e4 ensin Equifix satulsaippuaa\" \/>\n<meta name=\"robots\" content=\"index, follow, max-snippet:-1, max-image-preview:large, max-video-preview:-1\" \/>\n<link rel=\"canonical\" href=\"https:\/\/www.keminnahkatarvike.fi\/verkkokauppa\/tuote\/nahkabalsami-500-ml\/\" \/>\n<meta property=\"og:locale\" content=\"fi_FI\" \/>\n<meta property=\"og:type\" content=\"article\" \/>\n<meta property=\"og:title\" content=\"Nahkabalsami 500 ml - Kemin Nahkatarvike\" \/>\n<meta property=\"og:description\" content=\"Mehil\u00e4isvahaa sis\u00e4lt\u00e4v\u00e4 nahkabalsami:- Ravitsee- Hoitaa- Suojaa sek\u00e4 tekee vedenpit\u00e4v\u00e4ksi.Equifix nahkabalsami on korkealuokkainen nahanhoitotuote. Se sopii erityisen hyvin hauraalle, kuivalle ja kovia kokeneelle nahalle. Nahan kest\u00e4vyys ja ulkon\u00e4k\u00f6 paranee huomattavasti Equifix nahkabalsamin avulla. Huolellisesti valitut vaikutusaineet poistavat pienen lian ja antavat nahalle t\u00e4yden vedenpit\u00e4vyyden.Aito mehil\u00e4isvaha antaa nahan pinnalle pitk\u00e4aikaisen suojan ja tekee siit\u00e4 vastustuskykyisen ulkoisia haittatekij\u00f6it\u00e4 vastaan. My\u00f6s suutareiden suosikki!K\u00e4ytt\u00f6:Levit\u00e4 pehme\u00e4ll\u00e4 liinalla tai sienell\u00e4. Anna vaikuttaa hetki ja pyyhi ylij\u00e4\u00e4m\u00e4t puhtaalla liinalla. Eritt\u00e4in likaista nahkaa hoidettaessa k\u00e4yt\u00e4 ensin Equifix satulsaippuaa\" \/>\n<meta property=\"og:url\" content=\"https:\/\/www.keminnahkatarvike.fi\/verkkokauppa\/tuote\/nahkabalsami-500-ml\/\" \/>\n<meta property=\"og:site_name\" content=\"Kemin Nahkatarvike\" \/>\n<meta property=\"article:modified_time\" content=\"2025-06-04T05:06:18+00:00\" \/>\n<meta property=\"og:image\" content=\"https:\/\/www.keminnahkatarvike.fi\/verkkokauppa\/wp-content\/uploads\/2020\/12\/Mehilaisvahaa-sisaltava-nahkabalsami.jpg\" \/>\n\t<meta property=\"og:image:width\" content=\"1152\" \/>\n\t<meta property=\"og:image:height\" content=\"768\" \/>\n\t<meta property=\"og:image:type\" content=\"image\/jpeg\" \/>\n<meta name=\"twitter:card\" content=\"summary_large_image\" \/>\n<meta name=\"twitter:label1\" content=\"Arvioitu lukuaika\" \/>\n\t<meta name=\"twitter:data1\" content=\"1 minuutti\" \/>\n<script type=\"application\/ld+json\" class=\"yoast-schema-graph\">{\"@context\":\"https:\/\/schema.org\",\"@graph\":[{\"@type\":\"WebPage\",\"@id\":\"https:\/\/www.keminnahkatarvike.fi\/verkkokauppa\/tuote\/nahkabalsami-500-ml\/\",\"url\":\"https:\/\/www.keminnahkatarvike.fi\/verkkokauppa\/tuote\/nahkabalsami-500-ml\/\",\"name\":\"Nahkabalsami 500 ml - Kemin Nahkatarvike\",\"isPartOf\":{\"@id\":\"https:\/\/www.keminnahkatarvike.fi\/verkkokauppa\/#website\"},\"primaryImageOfPage\":{\"@id\":\"https:\/\/www.keminnahkatarvike.fi\/verkkokauppa\/tuote\/nahkabalsami-500-ml\/#primaryimage\"},\"image\":{\"@id\":\"https:\/\/www.keminnahkatarvike.fi\/verkkokauppa\/tuote\/nahkabalsami-500-ml\/#primaryimage\"},\"thumbnailUrl\":\"https:\/\/www.keminnahkatarvike.fi\/verkkokauppa\/wp-content\/uploads\/2020\/12\/Mehilaisvahaa-sisaltava-nahkabalsami.jpg\",\"datePublished\":\"2021-03-29T10:46:13+00:00\",\"dateModified\":\"2025-06-04T05:06:18+00:00\",\"description\":\"Mehil\u00e4isvahaa sis\u00e4lt\u00e4v\u00e4 nahkabalsami:- Ravitsee- Hoitaa- Suojaa sek\u00e4 tekee vedenpit\u00e4v\u00e4ksi.Equifix nahkabalsami on korkealuokkainen nahanhoitotuote. Se sopii erityisen hyvin hauraalle, kuivalle ja kovia kokeneelle nahalle. Nahan kest\u00e4vyys ja ulkon\u00e4k\u00f6 paranee huomattavasti Equifix nahkabalsamin avulla. Huolellisesti valitut vaikutusaineet poistavat pienen lian ja antavat nahalle t\u00e4yden vedenpit\u00e4vyyden.Aito mehil\u00e4isvaha antaa nahan pinnalle pitk\u00e4aikaisen suojan ja tekee siit\u00e4 vastustuskykyisen ulkoisia haittatekij\u00f6it\u00e4 vastaan. My\u00f6s suutareiden suosikki!K\u00e4ytt\u00f6:Levit\u00e4 pehme\u00e4ll\u00e4 liinalla tai sienell\u00e4. Anna vaikuttaa hetki ja pyyhi ylij\u00e4\u00e4m\u00e4t puhtaalla liinalla. Eritt\u00e4in likaista nahkaa hoidettaessa k\u00e4yt\u00e4 ensin Equifix satulsaippuaa\",\"breadcrumb\":{\"@id\":\"https:\/\/www.keminnahkatarvike.fi\/verkkokauppa\/tuote\/nahkabalsami-500-ml\/#breadcrumb\"},\"inLanguage\":\"fi\",\"potentialAction\":[{\"@type\":\"ReadAction\",\"target\":[\"https:\/\/www.keminnahkatarvike.fi\/verkkokauppa\/tuote\/nahkabalsami-500-ml\/\"]}]},{\"@type\":\"ImageObject\",\"inLanguage\":\"fi\",\"@id\":\"https:\/\/www.keminnahkatarvike.fi\/verkkokauppa\/tuote\/nahkabalsami-500-ml\/#primaryimage\",\"url\":\"https:\/\/www.keminnahkatarvike.fi\/verkkokauppa\/wp-content\/uploads\/2020\/12\/Mehilaisvahaa-sisaltava-nahkabalsami.jpg\",\"contentUrl\":\"https:\/\/www.keminnahkatarvike.fi\/verkkokauppa\/wp-content\/uploads\/2020\/12\/Mehilaisvahaa-sisaltava-nahkabalsami.jpg\",\"width\":1152,\"height\":768},{\"@type\":\"BreadcrumbList\",\"@id\":\"https:\/\/www.keminnahkatarvike.fi\/verkkokauppa\/tuote\/nahkabalsami-500-ml\/#breadcrumb\",\"itemListElement\":[{\"@type\":\"ListItem\",\"position\":1,\"name\":\"Etusivu\",\"item\":\"https:\/\/www.keminnahkatarvike.fi\/verkkokauppa\/\"},{\"@type\":\"ListItem\",\"position\":2,\"name\":\"Shop\",\"item\":\"https:\/\/www.keminnahkatarvike.fi\/verkkokauppa\/shop\/\"},{\"@type\":\"ListItem\",\"position\":3,\"name\":\"Nahkabalsami 500 ml\"}]},{\"@type\":\"WebSite\",\"@id\":\"https:\/\/www.keminnahkatarvike.fi\/verkkokauppa\/#website\",\"url\":\"https:\/\/www.keminnahkatarvike.fi\/verkkokauppa\/\",\"name\":\"Kemin Nahkatarvike\",\"description\":\"Laadukasta nahkanjalostusta Keminmaasta Suomesta\",\"publisher\":{\"@id\":\"https:\/\/www.keminnahkatarvike.fi\/verkkokauppa\/#organization\"},\"potentialAction\":[{\"@type\":\"SearchAction\",\"target\":{\"@type\":\"EntryPoint\",\"urlTemplate\":\"https:\/\/www.keminnahkatarvike.fi\/verkkokauppa\/?s={search_term_string}\"},\"query-input\":{\"@type\":\"PropertyValueSpecification\",\"valueRequired\":true,\"valueName\":\"search_term_string\"}}],\"inLanguage\":\"fi\"},{\"@type\":\"Organization\",\"@id\":\"https:\/\/www.keminnahkatarvike.fi\/verkkokauppa\/#organization\",\"name\":\"Kemin Nahkatarvike Oy\",\"url\":\"https:\/\/www.keminnahkatarvike.fi\/verkkokauppa\/\",\"logo\":{\"@type\":\"ImageObject\",\"inLanguage\":\"fi\",\"@id\":\"https:\/\/www.keminnahkatarvike.fi\/verkkokauppa\/#\/schema\/logo\/image\/\",\"url\":\"https:\/\/www.keminnahkatarvike.fi\/verkkokauppa\/wp-content\/uploads\/2020\/12\/logo-nahkatarvike-ruskea.png\",\"contentUrl\":\"https:\/\/www.keminnahkatarvike.fi\/verkkokauppa\/wp-content\/uploads\/2020\/12\/logo-nahkatarvike-ruskea.png\",\"width\":3039,\"height\":543,\"caption\":\"Kemin Nahkatarvike Oy\"},\"image\":{\"@id\":\"https:\/\/www.keminnahkatarvike.fi\/verkkokauppa\/#\/schema\/logo\/image\/\"}}]}<\/script>\n<!-- \/ Yoast SEO plugin. -->","yoast_head_json":{"title":"Nahkabalsami 500 ml - Kemin Nahkatarvike","description":"Mehil\u00e4isvahaa sis\u00e4lt\u00e4v\u00e4 nahkabalsami:- Ravitsee- Hoitaa- Suojaa sek\u00e4 tekee vedenpit\u00e4v\u00e4ksi.Equifix nahkabalsami on korkealuokkainen nahanhoitotuote. Se sopii erityisen hyvin hauraalle, kuivalle ja kovia kokeneelle nahalle. Nahan kest\u00e4vyys ja ulkon\u00e4k\u00f6 paranee huomattavasti Equifix nahkabalsamin avulla. Huolellisesti valitut vaikutusaineet poistavat pienen lian ja antavat nahalle t\u00e4yden vedenpit\u00e4vyyden.Aito mehil\u00e4isvaha antaa nahan pinnalle pitk\u00e4aikaisen suojan ja tekee siit\u00e4 vastustuskykyisen ulkoisia haittatekij\u00f6it\u00e4 vastaan. My\u00f6s suutareiden suosikki!K\u00e4ytt\u00f6:Levit\u00e4 pehme\u00e4ll\u00e4 liinalla tai sienell\u00e4. Anna vaikuttaa hetki ja pyyhi ylij\u00e4\u00e4m\u00e4t puhtaalla liinalla. Eritt\u00e4in likaista nahkaa hoidettaessa k\u00e4yt\u00e4 ensin Equifix satulsaippuaa","robots":{"index":"index","follow":"follow","max-snippet":"max-snippet:-1","max-image-preview":"max-image-preview:large","max-video-preview":"max-video-preview:-1"},"canonical":"https:\/\/www.keminnahkatarvike.fi\/verkkokauppa\/tuote\/nahkabalsami-500-ml\/","og_locale":"fi_FI","og_type":"article","og_title":"Nahkabalsami 500 ml - Kemin Nahkatarvike","og_description":"Mehil\u00e4isvahaa sis\u00e4lt\u00e4v\u00e4 nahkabalsami:- Ravitsee- Hoitaa- Suojaa sek\u00e4 tekee vedenpit\u00e4v\u00e4ksi.Equifix nahkabalsami on korkealuokkainen nahanhoitotuote. Se sopii erityisen hyvin hauraalle, kuivalle ja kovia kokeneelle nahalle. Nahan kest\u00e4vyys ja ulkon\u00e4k\u00f6 paranee huomattavasti Equifix nahkabalsamin avulla. Huolellisesti valitut vaikutusaineet poistavat pienen lian ja antavat nahalle t\u00e4yden vedenpit\u00e4vyyden.Aito mehil\u00e4isvaha antaa nahan pinnalle pitk\u00e4aikaisen suojan ja tekee siit\u00e4 vastustuskykyisen ulkoisia haittatekij\u00f6it\u00e4 vastaan. My\u00f6s suutareiden suosikki!K\u00e4ytt\u00f6:Levit\u00e4 pehme\u00e4ll\u00e4 liinalla tai sienell\u00e4. Anna vaikuttaa hetki ja pyyhi ylij\u00e4\u00e4m\u00e4t puhtaalla liinalla. Eritt\u00e4in likaista nahkaa hoidettaessa k\u00e4yt\u00e4 ensin Equifix satulsaippuaa","og_url":"https:\/\/www.keminnahkatarvike.fi\/verkkokauppa\/tuote\/nahkabalsami-500-ml\/","og_site_name":"Kemin Nahkatarvike","article_modified_time":"2025-06-04T05:06:18+00:00","og_image":[{"width":1152,"height":768,"url":"https:\/\/www.keminnahkatarvike.fi\/verkkokauppa\/wp-content\/uploads\/2020\/12\/Mehilaisvahaa-sisaltava-nahkabalsami.jpg","type":"image\/jpeg"}],"twitter_card":"summary_large_image","twitter_misc":{"Arvioitu lukuaika":"1 minuutti"},"schema":{"@context":"https:\/\/schema.org","@graph":[{"@type":"WebPage","@id":"https:\/\/www.keminnahkatarvike.fi\/verkkokauppa\/tuote\/nahkabalsami-500-ml\/","url":"https:\/\/www.keminnahkatarvike.fi\/verkkokauppa\/tuote\/nahkabalsami-500-ml\/","name":"Nahkabalsami 500 ml - Kemin Nahkatarvike","isPartOf":{"@id":"https:\/\/www.keminnahkatarvike.fi\/verkkokauppa\/#website"},"primaryImageOfPage":{"@id":"https:\/\/www.keminnahkatarvike.fi\/verkkokauppa\/tuote\/nahkabalsami-500-ml\/#primaryimage"},"image":{"@id":"https:\/\/www.keminnahkatarvike.fi\/verkkokauppa\/tuote\/nahkabalsami-500-ml\/#primaryimage"},"thumbnailUrl":"https:\/\/www.keminnahkatarvike.fi\/verkkokauppa\/wp-content\/uploads\/2020\/12\/Mehilaisvahaa-sisaltava-nahkabalsami.jpg","datePublished":"2021-03-29T10:46:13+00:00","dateModified":"2025-06-04T05:06:18+00:00","description":"Mehil\u00e4isvahaa sis\u00e4lt\u00e4v\u00e4 nahkabalsami:- Ravitsee- Hoitaa- Suojaa sek\u00e4 tekee vedenpit\u00e4v\u00e4ksi.Equifix nahkabalsami on korkealuokkainen nahanhoitotuote. Se sopii erityisen hyvin hauraalle, kuivalle ja kovia kokeneelle nahalle. Nahan kest\u00e4vyys ja ulkon\u00e4k\u00f6 paranee huomattavasti Equifix nahkabalsamin avulla. Huolellisesti valitut vaikutusaineet poistavat pienen lian ja antavat nahalle t\u00e4yden vedenpit\u00e4vyyden.Aito mehil\u00e4isvaha antaa nahan pinnalle pitk\u00e4aikaisen suojan ja tekee siit\u00e4 vastustuskykyisen ulkoisia haittatekij\u00f6it\u00e4 vastaan. My\u00f6s suutareiden suosikki!K\u00e4ytt\u00f6:Levit\u00e4 pehme\u00e4ll\u00e4 liinalla tai sienell\u00e4. Anna vaikuttaa hetki ja pyyhi ylij\u00e4\u00e4m\u00e4t puhtaalla liinalla. Eritt\u00e4in likaista nahkaa hoidettaessa k\u00e4yt\u00e4 ensin Equifix satulsaippuaa","breadcrumb":{"@id":"https:\/\/www.keminnahkatarvike.fi\/verkkokauppa\/tuote\/nahkabalsami-500-ml\/#breadcrumb"},"inLanguage":"fi","potentialAction":[{"@type":"ReadAction","target":["https:\/\/www.keminnahkatarvike.fi\/verkkokauppa\/tuote\/nahkabalsami-500-ml\/"]}]},{"@type":"ImageObject","inLanguage":"fi","@id":"https:\/\/www.keminnahkatarvike.fi\/verkkokauppa\/tuote\/nahkabalsami-500-ml\/#primaryimage","url":"https:\/\/www.keminnahkatarvike.fi\/verkkokauppa\/wp-content\/uploads\/2020\/12\/Mehilaisvahaa-sisaltava-nahkabalsami.jpg","contentUrl":"https:\/\/www.keminnahkatarvike.fi\/verkkokauppa\/wp-content\/uploads\/2020\/12\/Mehilaisvahaa-sisaltava-nahkabalsami.jpg","width":1152,"height":768},{"@type":"BreadcrumbList","@id":"https:\/\/www.keminnahkatarvike.fi\/verkkokauppa\/tuote\/nahkabalsami-500-ml\/#breadcrumb","itemListElement":[{"@type":"ListItem","position":1,"name":"Etusivu","item":"https:\/\/www.keminnahkatarvike.fi\/verkkokauppa\/"},{"@type":"ListItem","position":2,"name":"Shop","item":"https:\/\/www.keminnahkatarvike.fi\/verkkokauppa\/shop\/"},{"@type":"ListItem","position":3,"name":"Nahkabalsami 500 ml"}]},{"@type":"WebSite","@id":"https:\/\/www.keminnahkatarvike.fi\/verkkokauppa\/#website","url":"https:\/\/www.keminnahkatarvike.fi\/verkkokauppa\/","name":"Kemin Nahkatarvike","description":"Laadukasta nahkanjalostusta Keminmaasta Suomesta","publisher":{"@id":"https:\/\/www.keminnahkatarvike.fi\/verkkokauppa\/#organization"},"potentialAction":[{"@type":"SearchAction","target":{"@type":"EntryPoint","urlTemplate":"https:\/\/www.keminnahkatarvike.fi\/verkkokauppa\/?s={search_term_string}"},"query-input":{"@type":"PropertyValueSpecification","valueRequired":true,"valueName":"search_term_string"}}],"inLanguage":"fi"},{"@type":"Organization","@id":"https:\/\/www.keminnahkatarvike.fi\/verkkokauppa\/#organization","name":"Kemin Nahkatarvike Oy","url":"https:\/\/www.keminnahkatarvike.fi\/verkkokauppa\/","logo":{"@type":"ImageObject","inLanguage":"fi","@id":"https:\/\/www.keminnahkatarvike.fi\/verkkokauppa\/#\/schema\/logo\/image\/","url":"https:\/\/www.keminnahkatarvike.fi\/verkkokauppa\/wp-content\/uploads\/2020\/12\/logo-nahkatarvike-ruskea.png","contentUrl":"https:\/\/www.keminnahkatarvike.fi\/verkkokauppa\/wp-content\/uploads\/2020\/12\/logo-nahkatarvike-ruskea.png","width":3039,"height":543,"caption":"Kemin Nahkatarvike Oy"},"image":{"@id":"https:\/\/www.keminnahkatarvike.fi\/verkkokauppa\/#\/schema\/logo\/image\/"}}]}},"_links":{"self":[{"href":"https:\/\/www.keminnahkatarvike.fi\/verkkokauppa\/wp-json\/wp\/v2\/product\/937","targetHints":{"allow":["GET"]}}],"collection":[{"href":"https:\/\/www.keminnahkatarvike.fi\/verkkokauppa\/wp-json\/wp\/v2\/product"}],"about":[{"href":"https:\/\/www.keminnahkatarvike.fi\/verkkokauppa\/wp-json\/wp\/v2\/types\/product"}],"wp:featuredmedia":[{"embeddable":true,"href":"https:\/\/www.keminnahkatarvike.fi\/verkkokauppa\/wp-json\/wp\/v2\/media\/548"}],"wp:attachment":[{"href":"https:\/\/www.keminnahkatarvike.fi\/verkkokauppa\/wp-json\/wp\/v2\/media?parent=937"}],"wp:term":[{"taxonomy":"product_brand","embeddable":true,"href":"https:\/\/www.keminnahkatarvike.fi\/verkkokauppa\/wp-json\/wp\/v2\/product_brand?post=937"},{"taxonomy":"product_cat","embeddable":true,"href":"https:\/\/www.keminnahkatarvike.fi\/verkkokauppa\/wp-json\/wp\/v2\/product_cat?post=937"},{"taxonomy":"product_tag","embeddable":true,"href":"https:\/\/www.keminnahkatarvike.fi\/verkkokauppa\/wp-json\/wp\/v2\/product_tag?post=937"}],"curies":[{"name":"wp","href":"https:\/\/api.w.org\/{rel}","templated":true}]}}